 z(r) = -10*r**2 + r. Let w be z(-3). Let i = -50 - w. What are the prime factors of i?
43
Suppose 78 = 4*b - 2*b. What are the prime factors of b?
3, 13
Let r = -2 + 2. Suppose 0 = 2*i - 18 - r. Suppose -x + i = -0*x. List the prime factors of x.
3
Let n = -40 + 159. What are the prime factors of n?
7, 17
What are the prime factors of 15/14*-4*-7?
2, 3, 5
Suppose -3*y = 4*b + 421, -b + 3*b = 4. Let i = y - -18. List the prime factors of i/(-10)*(-8)/(-10).
2, 5
Let d = 2 - 4. Let a(n) = -3*n - 1. What are the prime factors of a(d)?
5
Let o(w) = 3*w**3 + w**2 - 1. Let f be o(-1). Let l = f - -7. Let t(u) = 3*u - 5. List the prime factors of t(l).
7
Let z(a) = -a - 7. Let d be z(-11). Suppose 2*m + 7 = x + 4, -d*x + 52 = 2*m. List the prime factors of x.
11
Let r = 1 - -2. Suppose -2*c = 2*c + 2*m - 14, 0 = -2*c + r*m + 11. Suppose y + 2 = c*i, 5*y + 3*i - 2 - 11 = 0. List the prime factors of y.
2
What are the prime factors of (-560)/(-12) + (-1)/(-3)?
47
Suppose 2*r = -p + r + 27, 2*r = -2. Suppose 2*s + 3 = 3*s. Suppose -s*f = f - p. What are the prime factors of f?
7
Let m(u) = 104*u**2 + u. List the prime factors of m(-1).
103
Suppose -3*a + 141 = -3*t, 3*a - 7*t = -2*t + 145. List the prime factors of a.
3, 5
List the prime factors of ((-1175)/(-5))/(-4 - -5).
5, 47
Suppose 0 = -i + 4*i - 3, -5*y = -3*i + 93. Let l = y - -38. What are the prime factors of l?
2, 5
Let q = 42 - 30. What are the prime factors of q?
2, 3
Let o be ((-1)/(-1))/(4/8). Suppose 3*d - 192 = -g - g, -6 = o*g. List the prime factors of d/14 + 2/7.
5
Suppose -8 = 5*k - 83. Let o be 5/1*9/k. Suppose -13 - 11 = -o*w. What are the prime factors of w?
2
Let q(x) = -4*x - 2 - x**2 - 3*x + 0*x**2. Let z be q(-7). List the prime factors of 24*(2 - (-3)/z).
2, 3
Let u be -4 - (-1 + 2) - -2. Let q(j) = -3*j + 4. What are the prime factors of q(u)?
13
Let i(t) = 3*t. Let h be i(6). Let n(f) = -f**3 - 5*f**2 - 5*f - 2. Let v be n(-2). List the prime factors of v/h + (-60)/(-27).
2
Let j(r) = -r**3 + 5*r**2 + r + 4. What are the prime factors of j(4)?
2, 3
Let n(r) be the second derivative of -r**4/6 + r**3/3 + r**2/2 + 3*r. Let c be n(-1). What are the prime factors of (-2)/(c - (-13)/5)?
5
Suppose 0 = -3*f + 4*p - 157, -5*f - p = 189 + 88. Let z = f - -99. List the prime factors of z.
2, 11
Let y = -11 - 3. Let w = 6 - y. Suppose w = 9*f - 4*f. What are the prime factors of f?
2
Let n(c) = c**2 + 4*c - 2. Let y be (-2)/5 - (-246)/15. Suppose -4*t = 4 + y. What are the prime factors of n(t)?
3
Suppose 3 = n - 4. Suppose -n*p = -6*p - 7. List the prime factors of p.
7
Let l(g) = 5*g + 2. Let b be l(2). Let d = 64 + -28. Suppose -4*m = b - d. List the prime factors of m.
2, 3
Let n = -2 + 2. Let o(i) = i + 9. List the prime factors of o(n).
3
Let t = -7 - -12. Suppose -13 = 4*a - t*z, -22 - 3 = -5*z. Suppose h + 5*o + a + 6 = 0, h = -o + 11. What are the prime factors of h?
2
Suppose 2*f - 4 + 0 = 0. Suppose -m - 7 + 63 = 3*q, f*q - 2*m - 40 = 0. List the prime factors of q.
19
Suppose 46 + 248 = 7*o. List the prime factors of o.
2, 3, 7
Suppose 7*x - 5*f - 572 = 3*x, -286 = -2*x - f. List the prime factors of x.
11, 13
Suppose 5*y - 4*x - 203 = -0*x, 4*x - 55 = -y. What are the prime factors of y?
43
Let k = 747 + -534. What are the prime factors of k?
3, 71
Let w be ((-6)/(-2)*-1)/(-1). Suppose 0 = w*d - d - 28. What are the prime factors of (2 - 0)/(4/d)?
7
Let v(y) be the third derivative of y**5/60 + y**4/12 - y**3/2 - 2*y**2. What are the prime factors of v(-6)?
3, 7
Suppose 3*n - 9 - 3 = 0. Suppose -4*p - 44 = -4*i, n*i + 3*p + 1 = 66. List the prime factors of i.
2, 7
Suppose 10*h = 13*h - 93. What are the prime factors of h?
31
Let l(a) = -a**3 + 5*a**2 + a - 5. List the prime factors of l(4).
3, 5
Let n = -79 + 133. What are the prime factors of n?
2, 3
Suppose -a + 4 = -7. Suppose 0 = -4*t - 3*c - 15, -t - 7*c + 2*c - 25 = 0. Suppose -w = -t - a. What are the prime factors of w?
11
Suppose -n - a + 4 = -2*a, -2*n - 4*a = 16. Suppose 4*u + 2*h = 3*h + 54, u - 4*h - 21 = n. List the prime factors of u.
13
Let l = 7 + -5. List the prime factors of 82/4 - (-1)/l.
3, 7
Let k = 1 - 0. Let p(o) = -o**3 + o**2. Let j be p(k). Suppose j = -q + 3 - 1. List the prime factors of q.
2
Suppose 3*i = -2*d - 2*i + 282, -4*i - 620 = -4*d. List the prime factors of d.
151
Let q be 290/40 + 1/(-4). Suppose -4*x + q*x = 78. Suppose 3*k - x = k. What are the prime factors of k?
13
Let c = -15 - -24. Let l = c + 12. What are the prime factors of l?
3, 7
Suppose 4*u = -j + 205, 371 = 2*j - 2*u - 3*u. List the prime factors of j.
193
Let s = 11 + -7. Let p be s/6 - (-275)/15. Let f = p - 13. List the prime factors of f.
2, 3
Let r(o) = -o**3 + 16*o**2 - 11*o + 2. Let q be r(14). Suppose 9*l = 4*l + q. What are the prime factors of l?
2, 3
Let p(a) be the second derivative of -a**5/20 - a**4/4 - a**3/3 - a**2/2 + a. What are the prime factors of p(-3)?
5
Let x(o) = 9*o**2 + 3*o. Let y(v) = v**2 - v. Let p(i) = x(i) + 4*y(i). Let j be p(1). What are the prime factors of 225/j - 6/8?
2, 3
What are the prime factors of 51731/153 + (-2)/18?
2, 13
Let m(g) = g**2 - 7*g + 5. Let i be m(6). Let l = -14 - -16. What are the prime factors of (-12)/(3/(i - l))?
2, 3
Let c(q) = 3 - 3*q**2 + 2*q**2 + 2*q**2 + 13*q - 2*q**2. List the prime factors of c(12).
3, 5
Let t(z) = z**2 - 1. List the prime factors of t(4).
3, 5
Let d(w) = 4*w - 4*w - 2*w + 5 + 3*w. Let t be 1/(-2)*(0 + 0). List the prime factors of d(t).
5
Let f(n) = -n**2 + 6*n - 1. Let d be f(5). Suppose 3*b = d*b - 7. List the prime factors of b.
7
Let d(f) be the first derivative of 9*f**2/2 - 5*f + 4. List the prime factors of d(4).
31
Let o(s) = -6*s**3 + s**2 + 2*s + 1. Let u be 2/(2/1 + -4). List the prime factors of o(u).
2, 3
Let q be 25/4 + 4/(-16). Let g be (-48)/(-10)*40/q. Suppose 2*l - 44 = -3*p, 5*p - g = -l + p. List the prime factors of l.
2
Let x be (0 - -4) + (17 - -7). Let a = x - 8. What are the prime factors of a?
2, 5
Let g be 1 - 1/(1/3). Let u be 3/(g - -2 - -1). Suppose -4*o = 3*h - 49, u*h = -o + 2*h + 11. List the prime factors of o.
2
Suppose t = 3*t - 4. Suppose 0 = -t*g + 5*g - 36. What are the prime factors of (1 - g/9)*-12?
2
What are the prime factors of (6/(-5))/(2019/405 + -5)?
3
List the prime factors of 1/(56/55 - 1).
5, 11
Let r = -114 + 199. What are the prime factors of r?
5, 17
Let w = 102 - 2. List the prime factors of w.
2, 5
Let s be (-62)/(-3) - (-2)/6. Let t be 3/9*3 + s. Suppose -o + 0*o + 8 = -2*h, -h = -5*o + t. What are the prime factors of o?
2
Suppose 14*l - 11*l = 12. Suppose 2 = j, -l*n - 4*j = -6*j - 52. What are the prime factors of n?
2, 7
Let m(v) = -v**3 - 4*v**2 + v + 2. What are the prime factors of m(-8)?
2, 5
Let r = -103 + 145. What are the prime factors of r?
2, 3, 7
Suppose 0 = 2*v - 6. Suppose 5 = 4*o - v. What are the prime factors of o?
2
Let f be 3/6 - (-5)/2. Suppose 4*h + k - 16 = 3*h, -h + 12 = -f*k. List the prime factors of h.
3, 5
Let m(o) be the first derivative of -o**2/2 - o + 2. Let r be m(-7). Suppose -2*h + r*h = 20. What are the prime factors of h?
5
Suppose 5*p = -40 - 15. Let f = 18 - p. What are the prime factors of f?
29
Let a(n) be the first derivative of 7/2*n**2 + 0*n + 1. List the prime factors of a(1).
7
Let j(i) = i**3 + 2*i**2 - i + 1. Let a be j(-3). List the prime factors of (28/(-20))/(1/a).
7
Suppose 0 = -2*l + 1 + 31. List the prime factors of l.
2
Let g(c) be the third derivative of c**5/30 + c**4/24 + c**3/3 - 5*c**2. What are the prime factors of g(2)?
2, 3
Suppose -l = -4*l + 21. Suppose -8 = -3*m + l. Suppose m*w - 37 = 33. List the prime factors of w.
2, 7
Let q(i) = i**3 + 2*i**3 - i**2 + i + 14 - 2*i**3 + 0*i. What are the prime factors of q(0)?
2, 7
Let n = 2 - 0. Let m be (6/8)/(n/(-24)). What are the prime factors of 2/(-4)*2*m?
3
Suppose 121*f - 855 = 118*f. What are the prime factors of f?
3, 5, 19
Let w(p) = -29*p - 52. List the prime factors of w(-8).
2, 3, 5
What are the prime factors of 2/(16/(-660))*(-4)/5?
2, 3, 11
Let y(u) be the third derivative of -5*u**4/24 + u**3/6 + u**2. Let g be y(-4). Let a = g + -10. What are the prime factors of a?
11
Let d(v) = -v**3 - 23. Let q be d(0). Suppose 3*c = 2*m - 35, -3*c = -4*m + 18 + 19